units digit of ((-20)/12 - 0)*-3?
5
Let l(v) = -v**3 + 5*v**2 - v + 1. Let m be l(5). Let s be ((-6)/m)/((-5)/(-10)). Suppose n - 11 = -0*w - s*w, 5*n - 22 = -4*w. What is the units digit of w?
3
Suppose -j - 2*i - 11 = -0*j, 2*j - 3*i - 6 = 0. Let p = j - 1. What is the units digit of (-15)/6*p/2?
5
Let t be (2/(-4))/((-1)/2). Let l(i) = 58*i**3 - i**2 - i + 1. Let c be l(t). Suppose 3*f + c = 6*f. What is the units digit of f?
9
Let p = 0 + 13. Let v = p + -9. Suppose 8*w - 4 = v*w. What is the units digit of w?
1
Let l(f) = f**2 - 2*f. What is the units digit of l(5)?
5
Suppose 0 = -a - 0*a + 4. What is the tens digit of a/2 + (8 - 0)?
1
What is the units digit of 5/(-4) - (-6)/24 - -39?
8
Suppose -4*s - 5*b = -0*s + 13, 4*b + 5 = -5*s. What is the units digit of s?
3
Suppose 5*f = 11 + 9. Let i(u) = u**3 - 5*u**2 + 4*u - 6. Let g be i(f). What is the units digit of g/((-1 - -3)*-1)?
3
Let k(z) = -z**2 - 8*z - 3. Suppose 0 = 5*n + 35 - 0. Let m be k(n). Suppose m*y = -4*d + 28, -4*d - 3*y + 16 = -10. What is the units digit of d?
5
Let h be -3 + -2*5/(-2). Let a be (-4)/(-3)*(-33)/h. Let d = 32 + a. What is the units digit of d?
0
Let a(h) = -h**2 - 4*h - 1. Let l = 1 - 0. Let p = l + -4. What is the units digit of a(p)?
2
Let t(m) = -13*m**2. Let a be t(1). Let z = 21 + a. What is the units digit of z?
8
What is the hundreds digit of 178*2/(16/20)?
4
Let p(q) = -q - 2. Let c be p(-6). Suppose 0 = c*v - v + 27. What is the tens digit of (42/v)/(1/(-3))?
1
Let m(o) = -3*o**2 + o - 5. Let c(t) = -6*t**2 + 2*t - 9. Let i(a) = -3*c(a) + 5*m(a). Suppose -3*v + 4 = -2. What is the tens digit of i(v)?
1
Let c(h) = -4*h - 1. Let u be c(2). Let f(k) = -k - 2. What is the units digit of f(u)?
7
Let o be (-44)/8 - (-1)/(-2). Let s be (5 + -4)/(2/o). What is the units digit of 1*s*(2 + -3)?
3
Suppose v + 2*u = -2*v, -4*u - 12 = 0. Suppose 0 = -v*r + 17 + 91. What is the tens digit of r?
5
Suppose -11 - 17 = -4*p. Suppose 13 + p = 2*k. What is the tens digit of k?
1
Let t(v) = 71*v**2 - 3*v - 3. What is the tens digit of t(-1)?
7
Suppose -2*d + 81 + 169 = 5*r, 0 = -3*r - 12. What is the hundreds digit of d?
1
Let j be 20/15*-3*1. Let l = 6 + j. Suppose -5 = -3*b + l*k + 1, -3*k + 10 = 5*b. What is the units digit of b?
2
Let k = -11 - -7. Let n = k - -7. What is the units digit of n?
3
What is the units digit of (-3 - 4/(-6))*-18?
2
Suppose 2*j - 4*v = -40, 0 = 2*j + v + 2*v + 40. Let h = 0 - j. What is the tens digit of h?
2
Let h(q) = q**3 - 5*q**2 - q - 6. Let o = 1 + 5. What is the tens digit of h(o)?
2
Let h(y) = y**2 + 2*y + 1. Let q be h(-1). What is the tens digit of 4 + (q - 7) - -52?
4
Let l be (-54)/(-7) - 4/(-14). Suppose -3*n - 4*m = -7, 2*n + m + l = -2*n. Let y = -1 - n. What is the units digit of y?
2
Suppose 3*x + 2*m - 609 = 5*m, 3*x - 617 = m. What is the units digit of x?
7
Suppose 0 = -y - 8 + 67. Suppose -7 - y = -2*n. What is the tens digit of n?
3
Let w be (3/3)/((-2)/(-10)). Suppose -76 - 24 = -w*j. What is the units digit of j?
0
Let c(p) be the third derivative of p**5/30 + p**4/6 - p**3/2 - p**2. What is the units digit of c(-5)?
7
Suppose 7 + 1 = 2*s. Suppose 32 = -f + 2*f + 2*h, f + h = 29. Suppose -2*j + 59 = 4*g + 1, -2*g = s*j - f. What is the units digit of g?
5
What is the units digit of 1*2 + 2 + 2?
6
Let a(l) = l - 8. Let g be a(10). Suppose -g = -2*v + 2*t, -3*t - 2*t = 2*v - 30. What is the units digit of v?
5
Let l(a) = 2*a**2 + 5*a + 4. Let x be l(-4). Suppose -y - w = -x, -4*y - 4*w + 2*w = -72. What is the tens digit of y?
2
Suppose -5*o + 2*o + 4*m = -322, -2*o = -5*m - 210. What is the hundreds digit of o?
1
Let g = 3 + -2. Let u = g + 3. What is the units digit of u?
4
Let f(i) = -i**3 - i**2 + 5*i + 2. Suppose 6*k = 2*k - 12. Let l be f(k). Suppose -l*q - 32 = -4*t, 4*t = -0*t - 4*q + 68. What is the tens digit of t?
1
Let z = 306 - 37. What is the tens digit of z?
6
Suppose 23 = -20*a + 21*a. What is the units digit of a?
3
Let z = 2 - -1. Suppose 0 = r - 32 - z. What is the tens digit of r?
3
Suppose 0 = 5*q - a - 2, 2 = 4*q - 3*a + 7. What is the units digit of q?
1
Let g = -1 + 5. Suppose -g*i - 51 = -215. What is the tens digit of i?
4
Let x = -2 + 8. What is the units digit of (-2)/(-8)*2*x?
3
Let v(p) = 11*p**3 + p**2. Let m be v(-1). What is the units digit of ((-7)/(-14))/((-1)/m)?
5
Let w be 718/14 - 2/7. Suppose z = 4*v - 0*z - w, 48 = 2*v + 4*z. What is the units digit of (-204)/(-21) + 4/v?
0
Let u = 13 + -7. Suppose -2*i + u = -k - 2*k, -2*k - 4*i = -12. What is the units digit of -3 + 5 - k/2?
2
Suppose 5*h - 589 = -4*q + 4*h, 302 = 2*q + 2*h. What is the hundreds digit of q?
1
Let j be 6/9 - (-23)/(-3). Let c(l) = 1. Let h(m) = -m + 6. Let r(x) = -c(x) + h(x). What is the tens digit of r(j)?
1
What is the tens digit of ((-20)/(-60))/(-1 - 208/(-207))?
6
Let y = -33 + 75. What is the tens digit of y?
4
Let p(n) = 14*n - 12. What is the units digit of p(2)?
6
Let m(d) = -d - 2. Let a be m(-2). Suppose o + 0 + 3 = 0, a = 5*y + o - 42. What is the units digit of y?
9
Suppose 291 = 4*q + 7*u - 4*u, 4*q - 5*u = 283. What is the units digit of q?
2
Suppose -k - 10 = 4. Let z = k + 25. What is the tens digit of z?
1
Suppose -5*r = b - 137, -5*r + 4*b = 2*b - 146. What is the tens digit of r?
2
Suppose 3*i - 10 = 7*i + 2*t, -4*i - 3*t = 15. Let l = 5 + i. Suppose 0 = l*s - 3*g - 40, -g - 10 = -4*s - 3*g. What is the units digit of s?
5
Suppose -1014 - 3264 = -5*w + u, 5*u = 10. What is the units digit of w/36 - (-4)/18?
4
Let i(t) = 2*t**2 + 3*t - 3. Let x be 9/(-6)*1*-2. Let l(p) = p**3 - 3*p**2 - 2*p + 3. Let a be l(x). What is the units digit of i(a)?
6
Let n be 1*(1 - 12 - 0). Let b = -15 - n. What is the units digit of ((-1)/b)/(2/8)?
1
Let c be 153/(-6)*(-24)/9. Suppose z + 3*z = c. Suppose 3*o + o + 3*l - z = 0, 10 = -2*l. What is the units digit of o?
8
Let b(j) = -j**3 - 6*j**2 + 4*j - 6. Let z be b(-7). Let p = z - 2. What is the tens digit of p?
1
Suppose 0 = -2*o - 2*o - 4. What is the units digit of ((o - 1) + 3)*3?
3
Let t = 409 - 279. What is the hundreds digit of t?
1
Let j = 136 + -79. What is the units digit of j?
7
Suppose 80 = 7*v - 2*v - 5*n, 3*v - 58 = n. Let l = v - 7. What is the units digit of l?
4
Let g(f) = f**3 + 11*f**2 - 13*f - 9. Let o be g(-12). Let z be 4/(o/(9/3)). Suppose z*w + 1 = 37. What is the units digit of w?
9
Let x(t) = 4*t - 41. What is the tens digit of x(15)?
1
What is the tens digit of 3 - 5*(2 + -6)?
2
Let k be (-1)/((-4)/(-3 - -411)). Suppose 5*w - k = -0*c + 2*c, 21 = w - c. What is the tens digit of w?
2
Let v(p) = -5*p - 4. Let i be v(-4). What is the units digit of 28/6 + i/(-24)?
4
What is the tens digit of 1/7 + 0 - 44950/(-175)?
5
Let k(c) = c**3 - 9*c**2 + 11*c - 3. Let v be k(8). Let g(i) = 16*i**3 + 2*i**2 + i. Let a be g(-1). Let r = a + v. What is the units digit of r?
6
Let j = -45 + 70. Suppose -5*f - j = -5*u, 3*f + 2*u = -0*u - 20. What is the units digit of f/(-1) - (-2)/2?
7
Let k = 13 + -9. Let u = k - -4. What is the units digit of u?
8
Suppose -15 - 2 = -v. Suppose -128 - v = -5*z. What is the units digit of z?
9
Let u = 12 - 6. Let b(d) = 4*d - 9. Let c be b(u). Let g = -11 + c. What is the units digit of g?
4
Suppose 2*z - 74 = 106. What is the tens digit of z?
9
Let d be 1/(2/44) - 2. Suppose -5 = 3*w - d. Let j = w - 4. What is the units digit of j?
1
Suppose -5*t - 18 = 3*r, 2*t = -3*t - 5*r - 20. Let y(s) = -4*s + 3. What is the tens digit of y(t)?
1
Let n(l) = -l**3 - 3*l**2 - 5*l - 4. What is the tens digit of n(-3)?
1
Let p be (52/12)/(1/3). Suppose -3*d = 3*s - 57, -2*s = 3*d - p - 24. What is the units digit of s?
0
Let a = 1 - -3. Let c be (9/a)/((-2)/8). What is the units digit of (-1)/(((-12)/c)/(-4))?
3
Suppose -4*t - 5*d + 5 = -2, 3*d = -3*t + 6. Suppose 5*l + 7 = 3*u, 0*u - 3*l = -u - t. Let j = u - 3. What is the units digit of j?
6
Suppose -4*w - 8 = -2*w. Let s = w + 14. What is the tens digit of s?
1
Suppose 2*a - 63 - 9 = 0. What is the units digit of a?
6
Let o = 10 - 5. Let q be (-340)/(-15) - (-2)/(-3). Suppose o*n = 2*g - 11 - 13, 5*n = g - q. What is the units digit of g?
2
Let p(k) = -k**3 + 9*k**2 + 2*k - 12. Let c be p(9). Suppose 2*f = -0*f + c. What is the units digit of f?
3
Let a = -4 - -9. Su